
Is 204739351 a multiple of 103?
False
Is 459826048 a multiple of 128?
True
Does 299 divide 595301226?
True
Is 1024 a factor of 1004509595?
False
Is 124976399 a multiple of 34?
False
Is 26499580 a multiple of 526?
False
Is 11 a factor of 279612185?
False
Does 13 divide 48907196?
True
Is 54 a factor of 89334630?
True
Does 5704 divide 200578460?
False
Is 8162227 a multiple of 17?
True
Is 1631990524 a multiple of 271?
False
Does 24 divide 101235?
False
Is 549024 a multiple of 38?
True
Is 61227260 a multiple of 20?
True
Is 2741419 a multiple of 14?
False
Is 42 a factor of 68493609?
False
Does 3294 divide 1946263281?
False
Is 698 a factor of 28282960?
True
Is 35 a factor of 155809751?
False
Does 357 divide 270137746?
False
Is 658 a factor of 63758169?
False
Does 122 divide 4167276?
True
Is 3860210 a multiple of 5?
True
Is 136824194 a multiple of 299?
True
Is 18 a factor of 383612248?
False
Is 15297708 a multiple of 804?
True
Does 24 divide 21966216?
True
Is 6257855 a multiple of 189?
False
Does 7 divide 5755569?
False
Is 3170864907 a multiple of 21?
True
Does 2207 divide 4533178?
True
Does 2522 divide 38932114?
True
Is 6883363 a multiple of 164?
False
Is 154891576 a multiple of 8?
True
Is 18 a factor of 79756614?
True
Does 24 divide 826787688?
True
Is 1620 a factor of 34996364?
False
Does 880 divide 797230265?
False
Is 681750 a multiple of 1125?
True
Is 95613063 a multiple of 28?
False
Does 14 divide 208307123?
False
Is 199580753 a multiple of 47?
True
Is 636 a factor of 292780342?
False
Does 7090 divide 3608767460?
True
Does 44 divide 12309038?
False
Is 1371 a factor of 1601052728?
False
Does 3 divide 41175819?
True
Is 32598604 a multiple of 38?
True
Does 12 divide 25768333?
False
Is 38080984 a multiple of 62?
False
Does 10 divide 181428200?
True
Is 2576078573 a multiple of 209?
False
Is 173277935 a multiple of 35?
False
Is 25 a factor of 1531458650?
True
Is 951768642 a multiple of 21?
False
Does 280 divide 17246320?
True
Is 777958270 a multiple of 281?
False
Is 286434064 a multiple of 826?
False
Is 3 a factor of 524518251?
True
Is 107 a factor of 461989941?
True
Is 362907096 a multiple of 24?
True
Does 10 divide 550548395?
False
Is 202939079 a multiple of 331?
True
Is 32019300 a multiple of 405?
True
Is 572 a factor of 12436424?
True
Does 1823 divide 944449109?
False
Is 2620 a factor of 15214340?
True
Is 108 a factor of 204765320?
False
Does 1174 divide 492899204?
True
Is 38878228 a multiple of 122?
True
Does 10 divide 207373080?
True
Is 3382627311 a multiple of 118?
False
Does 13 divide 38286317?
False
Is 1295548878 a multiple of 7566?
True
Is 6124 a factor of 525690284?
True
Is 30649965 a multiple of 273?
False
Does 1405 divide 1655224880?
True
Is 10166876 a multiple of 4?
True
Does 15 divide 7326345?
True
Does 366 divide 110960220?
True
Is 3149 a factor of 70380150?
True
Does 6484 divide 457656103?
False
Does 3006 divide 724172454?
True
Does 100 divide 1304489099?
False
Is 1263294779 a multiple of 2480?
False
Does 3980 divide 2852808280?
True
Is 2130031100 a multiple of 38?
True
Is 8 a factor of 28437408?
True
Is 6206 a factor of 1558813606?
False
Is 9 a factor of 41631251?
False
Is 152560863 a multiple of 147?
True
Is 2175 a factor of 650729073?
False
Is 54216773 a multiple of 1013?
True
Does 2485 divide 172971280?
False
Is 49 a factor of 5556057?
False
Is 6496254 a multiple of 27?
True
Is 5130 a factor of 925465251?
False
Is 74786211 a multiple of 24?
False
Is 980777564 a multiple of 1508?
True
Does 2 divide 80730753?
False
Is 13 a factor of 32644822?
False
Does 3 divide 14692482?
True
Is 96093053 a multiple of 10?
False
Does 7 divide 198511006?
False
Is 732430516 a multiple of 47?
True
Is 22 a factor of 9207858?
True
Is 2772551531 a multiple of 1253?
False
Is 60 a factor of 4665900?
True
Is 722 a factor of 146574153?
False
Is 71278370 a multiple of 4?
False
Is 440560590 a multiple of 8?
False
Does 75 divide 1071375?
True
Is 290 a factor of 326569048?
False
Is 1460826621 a multiple of 36?
False
Is 15 a factor of 3485925904?
False
Is 4443763711 a multiple of 38?
False
Does 230 divide 9171897?
False
Is 390 a factor of 32075940?
True
Does 38 divide 8234106?
True
Is 1723690 a multiple of 205?
False
Is 3680 a factor of 462635999?
False
Is 1204164 a multiple of 12?
True
Is 198634211 a multiple of 2907?
False
Is 777057 a multiple of 450?
False
Is 80 a factor of 1071323200?
True
Does 337 divide 126849150?
False
Is 4489422265 a multiple of 24?
False
Is 329211960 a multiple of 5214?
True
Is 114 a factor of 251663957?
False
Is 2657 a factor of 1340055293?
True
Does 927 divide 27124025?
False
Is 17303460 a multiple of 2076?
True
Does 48 divide 969370052?
False
Is 136158729 a multiple of 4039?
True
Is 4772302 a multiple of 19?
False
Does 6 divide 1293713149?
False
Does 314 divide 429205465?
False
Does 4 divide 46479164?
True
Is 15 a factor of 3464726003?
False
Does 21 divide 3316073?
False
Is 5793616564 a multiple of 548?
True
Does 351 divide 160459650?
True
Is 460657 a multiple of 75?
False
Does 16 divide 29971056?
True
Is 1487739771 a multiple of 777?
True
Does 6 divide 20243184?
True
Is 12 a factor of 471768?
True
Does 198 divide 317600514?
True
Is 892657666 a multiple of 10?
False
Is 2592837030 a multiple of 105?
True
Is 818452645 a multiple of 1161?
False
Does 42 divide 616698768?
True
Does 109 divide 37887746?
True
Is 33112132 a multiple of 566?
True
Does 74 divide 25467174?
True
Is 11698143 a multiple of 4?
False
Is 32 a factor of 16199104?
True
Is 88453200 a multiple of 15?
True
Is 34 a factor of 39767109?
False
Is 8 a factor of 73661404?
False
Is 374 a factor of 38523161?
False
Does 41 divide 37507771?
False
Does 130 divide 49881260?
True
Is 1015222017 a multiple of 683?
False
Does 560 divide 19418783?
False
Is 280366147 even?
False
Is 37 a factor of 185636963?
False
Is 70 a factor of 2092438?
False
Does 352 divide 17453655?
False
Is 132 a factor of 249974868?
True
Is 35 a factor of 4414597021?
False
Is 2509232 a multiple of 44?
True
Is 899595936 a multiple of 7551?
True
Does 245 divide 566784960?
True
Is 28 a factor of 1533177765?
False
Is 30 a factor of 3162594569?
False
Is 16207346 a multiple of 29?
True
Is 660 a factor of 54807060?
True
Is 5 a factor of 11992240?
True
Is 179355 a multiple of 33?
True
Does 16 divide 711343075?
False
Is 1463 a factor of 462869260?
False
Is 564217830 a multiple of 198?
True
Does 270 divide 4532731110?
True
Is 6383518438 a multiple of 57?
False
Is 24 a factor of 162077904?
True
Is 53 a factor of 26048599?
True
Does 1192 divide 192423368?
True
Is 2 a factor of 130754978?
True
Does 35 divide 17594696?
False
Is 82 a factor of 125035560?
False
Does 910 divide 436235800?
True
Is 529175030 a multiple of 5277?
False
Is 415 a factor of 918652300?
True
Is 58628309 a multiple of 1025?
False
Is 302024160 a multiple of 10?
True
Is 769 a factor of 1531293551?
True
Is 177261946 a multiple of 69?
False
Is 75 a factor of 101131125?
True
Is 1507 a factor of 6292128?
False
Is 56087115 a multiple of 557?
True
Does 1689 divide 19117791?
True
Is 968643891 a multiple of 6?
False
Is 328309236 a multiple of 12?
True
Is 21885050 a multiple of 50?
True
Is 6021720 a multiple of 2?
True
Is 2784 a factor of 28769856?
True
Does 2303 divide 22755470?
False
Does 10 divide 65151290?
True
Is 353 a factor of 4553347?
True
Is 59 a factor of 10963119?
False
Does 1071 divide 106669841?
False
Is 71 a factor of 123845442?
True
Is 1985742 a multiple of 2?
True
Is 99 a factor of 1006492284?
False
Does 231 divide 186549170?
False
Does 535 divide 5489100?
True
Is 15559985 a multiple of 3?
False
Does 14 divide 94452358?
True
Is 21 a factor of 2527741425?
False
Is 146864979 a multiple of 34?
False
Is 655818 a multiple of 131?
False
Is 258570600 a multiple of 115?
True
Does 4589 divide 181178309?
True
Is 31666824 a multiple of 9?
True
Does 107 divide 242814546?
False
Is 23931927 a multiple of 588?
False
Is 2404349321 a multiple of 2339?
True
Does 3 divide 15047049?
True
Is 250826640 a multiple of 16?
True
Does 84 divide 20691636?
True
Is 290 a factor of 3500021?
False
Is 283280144 a multiple of 8?
True
Is 48 a factor of 1350732944?
False
Does 181 divide 1420503385?
True
Is 66987516 a multiple of 68?
False
Does 14 divide 666984482?
False
Is 306069025 a m